{"id":281,"date":"2019-10-07T18:56:21","date_gmt":"2019-10-07T21:56:21","guid":{"rendered":"http:\/\/3w.prohind.cl\/?page_id=281"},"modified":"2019-10-09T18:45:36","modified_gmt":"2019-10-09T21:45:36","slug":"nuestros-productos","status":"publish","type":"page","link":"http:\/\/shop.prohind.cl\/index.php\/nuestros-productos\/","title":{"rendered":"Productos"},"content":{"rendered":"\n<div class=\"wp-block-image\"><figure class=\"aligncenter\"><img loading=\"lazy\" width=\"700\" height=\"400\" src=\"http:\/\/shop.prohind.cl\/wp-content\/uploads\/2019\/10\/productos-1.jpg\" alt=\"\" class=\"wp-image-391\" srcset=\"http:\/\/shop.prohind.cl\/wp-content\/uploads\/2019\/10\/productos-1.jpg 700w, http:\/\/shop.prohind.cl\/wp-content\/uploads\/2019\/10\/productos-1-300x171.jpg 300w, http:\/\/shop.prohind.cl\/wp-content\/uploads\/2019\/10\/productos-1-350x200.jpg 350w\" sizes=\"(max-width: 700px) 100vw, 700px\" \/><figcaption> Comercial Prohind cuenta con la bodega m\u00e1s amplia y variada de la regi\u00f3n del Biob\u00edo. A trav\u00e9s de nuestra oferta diferenciada, procesos eficientes y calidad de nuestros productos, creamos valor para el cliente, quienes por muchos a\u00f1os nos han preferido.<\/figcaption><\/figure><\/div>\n\n\n\n<div class=\"wp-block-media-text alignwide has-media-on-the-right\" style=\"background-color:#2469a2;grid-template-columns:auto 18%\"><figure class=\"wp-block-media-text__media\"><img loading=\"lazy\" width=\"1024\" height=\"1024\" src=\"http:\/\/shop.prohind.cl\/wp-content\/uploads\/2019\/10\/COVALCA-MANGUERAS-INDUSTRIALES-1-1024x1024.jpg\" alt=\"\" class=\"wp-image-289\" srcset=\"http:\/\/shop.prohind.cl\/wp-content\/uploads\/2019\/10\/COVALCA-MANGUERAS-INDUSTRIALES-1-1024x1024.jpg 1024w, http:\/\/shop.prohind.cl\/wp-content\/uploads\/2019\/10\/COVALCA-MANGUERAS-INDUSTRIALES-1-150x150.jpg 150w, http:\/\/shop.prohind.cl\/wp-content\/uploads\/2019\/10\/COVALCA-MANGUERAS-INDUSTRIALES-1-300x300.jpg 300w, http:\/\/shop.prohind.cl\/wp-content\/uploads\/2019\/10\/COVALCA-MANGUERAS-INDUSTRIALES-1-768x768.jpg 768w, http:\/\/shop.prohind.cl\/wp-content\/uploads\/2019\/10\/COVALCA-MANGUERAS-INDUSTRIALES-1.jpg 1080w\" sizes=\"(max-width: 1024px) 100vw, 1024px\" \/><\/figure><div class=\"wp-block-media-text__content\">\n<p style=\"color:#ffffff;text-align:right\" class=\"has-text-color has-large-font-size\"><strong>Mangueras Hidr\u00e1ulicas<\/strong> <strong>e Industriales<\/strong><\/p>\n<\/div><\/div>\n\n\n\n<div class=\"wp-block-media-text alignwide has-luminous-vivid-orange-background-color\" style=\"grid-template-columns:17% auto\"><figure class=\"wp-block-media-text__media\"><img loading=\"lazy\" width=\"414\" height=\"495\" src=\"http:\/\/shop.prohind.cl\/wp-content\/uploads\/2019\/10\/Terminales-Hidr\u00e1ulicos.jpg\" alt=\"\" class=\"wp-image-303\" srcset=\"http:\/\/shop.prohind.cl\/wp-content\/uploads\/2019\/10\/Terminales-Hidr\u00e1ulicos.jpg 414w, http:\/\/shop.prohind.cl\/wp-content\/uploads\/2019\/10\/Terminales-Hidr\u00e1ulicos-251x300.jpg 251w\" sizes=\"(max-width: 414px) 100vw, 414px\" \/><\/figure><div class=\"wp-block-media-text__content\">\n<p style=\"color:#ffffff\" class=\"has-text-color has-large-font-size\"><strong>Terminales Hidr\u00e1ulicos<\/strong><\/p>\n<\/div><\/div>\n\n\n\n<div class=\"wp-block-media-text alignwide has-media-on-the-right\" style=\"background-color:#2469a2;grid-template-columns:auto 26%\"><figure class=\"wp-block-media-text__media\"><img loading=\"lazy\" width=\"1024\" height=\"680\" src=\"http:\/\/shop.prohind.cl\/wp-content\/uploads\/2019\/10\/DSC00298-3-1-1024x680.jpg\" alt=\"\" class=\"wp-image-286\" srcset=\"http:\/\/shop.prohind.cl\/wp-content\/uploads\/2019\/10\/DSC00298-3-1-1024x680.jpg 1024w, http:\/\/shop.prohind.cl\/wp-content\/uploads\/2019\/10\/DSC00298-3-1-300x199.jpg 300w, http:\/\/shop.prohind.cl\/wp-content\/uploads\/2019\/10\/DSC00298-3-1-768x510.jpg 768w\" sizes=\"(max-width: 1024px) 100vw, 1024px\" \/><\/figure><div class=\"wp-block-media-text__content\">\n<p style=\"color:#ffffff;text-align:right\" class=\"has-text-color has-large-font-size\"><strong>Adaptadores Oleohidr\u00e1ulicos<\/strong><\/p>\n<\/div><\/div>\n\n\n\n<div class=\"wp-block-media-text alignwide has-luminous-vivid-orange-background-color\" style=\"grid-template-columns:22% auto\"><figure class=\"wp-block-media-text__media\"><img loading=\"lazy\" width=\"400\" height=\"314\" src=\"http:\/\/shop.prohind.cl\/wp-content\/uploads\/2019\/10\/Ferrulas.jpg\" alt=\"\" class=\"wp-image-311\" srcset=\"http:\/\/shop.prohind.cl\/wp-content\/uploads\/2019\/10\/Ferrulas.jpg 400w, http:\/\/shop.prohind.cl\/wp-content\/uploads\/2019\/10\/Ferrulas-300x236.jpg 300w\" sizes=\"(max-width: 400px) 100vw, 400px\" \/><\/figure><div class=\"wp-block-media-text__content\">\n<p style=\"color:#ffffff\" class=\"has-text-color has-large-font-size\"><strong>Ferrulas<\/strong><\/p>\n<\/div><\/div>\n\n\n\n<div class=\"wp-block-media-text alignwide has-media-on-the-right\" style=\"background-color:#2469a2;grid-template-columns:auto 26%\"><figure class=\"wp-block-media-text__media\"><img loading=\"lazy\" width=\"1000\" height=\"667\" src=\"http:\/\/shop.prohind.cl\/wp-content\/uploads\/2019\/10\/Acoples-hidr\u00e1ulicos-1.png\" alt=\"\" class=\"wp-image-325\" srcset=\"http:\/\/shop.prohind.cl\/wp-content\/uploads\/2019\/10\/Acoples-hidr\u00e1ulicos-1.png 1000w, http:\/\/shop.prohind.cl\/wp-content\/uploads\/2019\/10\/Acoples-hidr\u00e1ulicos-1-300x200.png 300w, http:\/\/shop.prohind.cl\/wp-content\/uploads\/2019\/10\/Acoples-hidr\u00e1ulicos-1-768x512.png 768w\" sizes=\"(max-width: 1000px) 100vw, 1000px\" \/><\/figure><div class=\"wp-block-media-text__content\">\n<p style=\"color:#ffffff;text-align:right\" class=\"has-text-color has-large-font-size\"><strong>Acoples Hidr\u00e1ulicos<\/strong><\/p>\n<\/div><\/div>\n\n\n\n<div class=\"wp-block-media-text alignwide has-luminous-vivid-orange-background-color\" style=\"grid-template-columns:20% auto\"><figure class=\"wp-block-media-text__media\"><img loading=\"lazy\" width=\"1000\" height=\"1000\" src=\"http:\/\/shop.prohind.cl\/wp-content\/uploads\/2019\/10\/O-rings.jpg\" alt=\"\" class=\"wp-image-299\" srcset=\"http:\/\/shop.prohind.cl\/wp-content\/uploads\/2019\/10\/O-rings.jpg 1000w, http:\/\/shop.prohind.cl\/wp-content\/uploads\/2019\/10\/O-rings-150x150.jpg 150w, http:\/\/shop.prohind.cl\/wp-content\/uploads\/2019\/10\/O-rings-300x300.jpg 300w, http:\/\/shop.prohind.cl\/wp-content\/uploads\/2019\/10\/O-rings-768x768.jpg 768w\" sizes=\"(max-width: 1000px) 100vw, 1000px\" \/><\/figure><div class=\"wp-block-media-text__content\">\n<p style=\"color:#ffffff\" class=\"has-text-color has-large-font-size\"><strong>O\u00b4ring M\u00e9tricos y en Pulgadas (Nitrilo, Viton y Silicona)<\/strong><\/p>\n<\/div><\/div>\n\n\n\n<div class=\"wp-block-media-text alignwide has-media-on-the-right\" style=\"background-color:#2469a2;grid-template-columns:auto 25%\"><figure class=\"wp-block-media-text__media\"><img loading=\"lazy\" width=\"1024\" height=\"742\" src=\"http:\/\/shop.prohind.cl\/wp-content\/uploads\/2019\/10\/DSC00280-2-1-1024x742.jpg\" alt=\"\" class=\"wp-image-297\" srcset=\"http:\/\/shop.prohind.cl\/wp-content\/uploads\/2019\/10\/DSC00280-2-1-1024x742.jpg 1024w, http:\/\/shop.prohind.cl\/wp-content\/uploads\/2019\/10\/DSC00280-2-1-300x217.jpg 300w, http:\/\/shop.prohind.cl\/wp-content\/uploads\/2019\/10\/DSC00280-2-1-768x557.jpg 768w\" sizes=\"(max-width: 1024px) 100vw, 1024px\" \/><\/figure><div class=\"wp-block-media-text__content\">\n<p style=\"color:#ffffff;text-align:right\" class=\"has-text-color has-large-font-size\"><strong>Man\u00f3metros Inferior y Posterior <\/strong><\/p>\n<\/div><\/div>\n\n\n\n<div class=\"wp-block-media-text alignwide has-luminous-vivid-orange-background-color\" style=\"grid-template-columns:27% auto\"><figure class=\"wp-block-media-text__media\"><img loading=\"lazy\" width=\"1024\" height=\"723\" src=\"http:\/\/shop.prohind.cl\/wp-content\/uploads\/2019\/10\/DSC00291-2-1-1024x723.jpg\" alt=\"\" class=\"wp-image-331\" srcset=\"http:\/\/shop.prohind.cl\/wp-content\/uploads\/2019\/10\/DSC00291-2-1-1024x723.jpg 1024w, http:\/\/shop.prohind.cl\/wp-content\/uploads\/2019\/10\/DSC00291-2-1-300x212.jpg 300w, http:\/\/shop.prohind.cl\/wp-content\/uploads\/2019\/10\/DSC00291-2-1-768x542.jpg 768w\" sizes=\"(max-width: 1024px) 100vw, 1024px\" \/><\/figure><div class=\"wp-block-media-text__content\">\n<p style=\"color:#ffffff\" class=\"has-text-color has-large-font-size\"><strong>Abrazaderas y Uniones Chicago<\/strong><\/p>\n<\/div><\/div>\n\n\n\n<div class=\"wp-block-media-text alignwide has-media-on-the-right\" style=\"background-color:#2469a2;grid-template-columns:auto 27%\"><figure class=\"wp-block-media-text__media\"><img loading=\"lazy\" width=\"1024\" height=\"674\" src=\"http:\/\/shop.prohind.cl\/wp-content\/uploads\/2019\/10\/DSC00293-2-1-1024x674.jpg\" alt=\"\" class=\"wp-image-333\" srcset=\"http:\/\/shop.prohind.cl\/wp-content\/uploads\/2019\/10\/DSC00293-2-1-1024x674.jpg 1024w, http:\/\/shop.prohind.cl\/wp-content\/uploads\/2019\/10\/DSC00293-2-1-300x197.jpg 300w, http:\/\/shop.prohind.cl\/wp-content\/uploads\/2019\/10\/DSC00293-2-1-768x505.jpg 768w\" sizes=\"(max-width: 1024px) 100vw, 1024px\" \/><\/figure><div class=\"wp-block-media-text__content\">\n<p style=\"color:#ffffff;text-align:right\" class=\"has-text-color has-large-font-size\"><strong>Tubin y Uniones R\u00e1pidas Neum\u00e1ticas<\/strong><\/p>\n<\/div><\/div>\n\n\n\n<div class=\"wp-block-media-text alignwide has-luminous-vivid-orange-background-color\" style=\"grid-template-columns:29% auto\"><figure class=\"wp-block-media-text__media\"><img loading=\"lazy\" width=\"1024\" height=\"680\" src=\"http:\/\/shop.prohind.cl\/wp-content\/uploads\/2019\/10\/DSC00295-2-1-1024x680.jpg\" alt=\"\" class=\"wp-image-335\" srcset=\"http:\/\/shop.prohind.cl\/wp-content\/uploads\/2019\/10\/DSC00295-2-1-1024x680.jpg 1024w, http:\/\/shop.prohind.cl\/wp-content\/uploads\/2019\/10\/DSC00295-2-1-300x199.jpg 300w, http:\/\/shop.prohind.cl\/wp-content\/uploads\/2019\/10\/DSC00295-2-1-768x510.jpg 768w\" sizes=\"(max-width: 1024px) 100vw, 1024px\" \/><\/figure><div class=\"wp-block-media-text__content\">\n<p style=\"color:#ffffff;text-align:left\" class=\"has-text-color has-large-font-size\"><strong>Sondas y Acoplamientos para Testeo<\/strong><\/p>\n<\/div><\/div>\n\n\n\n<div class=\"wp-block-media-text alignwide has-media-on-the-right\" style=\"background-color:#2469a2;grid-template-columns:auto 20%\"><figure class=\"wp-block-media-text__media\"><img loading=\"lazy\" width=\"458\" height=\"458\" src=\"http:\/\/shop.prohind.cl\/wp-content\/uploads\/2019\/10\/abrazaderas.jpg\" alt=\"\" class=\"wp-image-337\" srcset=\"http:\/\/shop.prohind.cl\/wp-content\/uploads\/2019\/10\/abrazaderas.jpg 458w, http:\/\/shop.prohind.cl\/wp-content\/uploads\/2019\/10\/abrazaderas-150x150.jpg 150w, http:\/\/shop.prohind.cl\/wp-content\/uploads\/2019\/10\/abrazaderas-300x300.jpg 300w\" sizes=\"(max-width: 458px) 100vw, 458px\" \/><\/figure><div class=\"wp-block-media-text__content\">\n<p style=\"color:#ffffff;text-align:right\" class=\"has-text-color has-large-font-size\"><strong>Abrazaderas<\/strong><\/p>\n<\/div><\/div>\n\n\n\n<div class=\"wp-block-media-text alignwide has-luminous-vivid-orange-background-color\" style=\"grid-template-columns:27% auto\"><figure class=\"wp-block-media-text__media\"><img loading=\"lazy\" width=\"400\" height=\"250\" src=\"http:\/\/shop.prohind.cl\/wp-content\/uploads\/2019\/10\/valvulas-industriales.jpg\" alt=\"\" class=\"wp-image-341\" srcset=\"http:\/\/shop.prohind.cl\/wp-content\/uploads\/2019\/10\/valvulas-industriales.jpg 400w, http:\/\/shop.prohind.cl\/wp-content\/uploads\/2019\/10\/valvulas-industriales-300x188.jpg 300w\" sizes=\"(max-width: 400px) 100vw, 400px\" \/><\/figure><div class=\"wp-block-media-text__content\">\n<p style=\"color:#ffffff;text-align:left\" class=\"has-text-color has-large-font-size\"><strong>V\u00e1lvulas<\/strong><\/p>\n<\/div><\/div>\n\n\n\n<div class=\"wp-block-media-text alignwide has-media-on-the-right\" style=\"background-color:#2469a2;grid-template-columns:auto 28%\"><figure class=\"wp-block-media-text__media\"><img loading=\"lazy\" width=\"1024\" height=\"680\" src=\"http:\/\/shop.prohind.cl\/wp-content\/uploads\/2019\/10\/DSC00275-1024x680.jpg\" alt=\"\" class=\"wp-image-339\" srcset=\"http:\/\/shop.prohind.cl\/wp-content\/uploads\/2019\/10\/DSC00275-1024x680.jpg 1024w, http:\/\/shop.prohind.cl\/wp-content\/uploads\/2019\/10\/DSC00275-300x199.jpg 300w, http:\/\/shop.prohind.cl\/wp-content\/uploads\/2019\/10\/DSC00275-768x510.jpg 768w\" sizes=\"(max-width: 1024px) 100vw, 1024px\" \/><\/figure><div class=\"wp-block-media-text__content\">\n<p style=\"color:#ffffff;text-align:right\" class=\"has-text-color has-large-font-size\"><strong>Uniones Camlock<\/strong><\/p>\n<\/div><\/div>\n\n\n\n<div class=\"wp-block-media-text alignwide has-luminous-vivid-orange-background-color\" style=\"grid-template-columns:25% auto\"><figure class=\"wp-block-media-text__media\"><img loading=\"lazy\" width=\"800\" height=\"600\" src=\"http:\/\/shop.prohind.cl\/wp-content\/uploads\/2019\/10\/correas.jpg\" alt=\"\" class=\"wp-image-346\" srcset=\"http:\/\/shop.prohind.cl\/wp-content\/uploads\/2019\/10\/correas.jpg 800w, http:\/\/shop.prohind.cl\/wp-content\/uploads\/2019\/10\/correas-300x225.jpg 300w, http:\/\/shop.prohind.cl\/wp-content\/uploads\/2019\/10\/correas-768x576.jpg 768w\" sizes=\"(max-width: 800px) 100vw, 800px\" \/><\/figure><div class=\"wp-block-media-text__content\">\n<p style=\"color:#ffffff\" class=\"has-text-color has-large-font-size\"><strong>Correas<\/strong><\/p>\n<\/div><\/div>\n","protected":false},"excerpt":{"rendered":"<p>Mangueras Hidr\u00e1ulicas e Industriales Terminales Hidr\u00e1ulicos Adaptadores Oleohidr\u00e1ulicos Ferrulas Acoples Hidr\u00e1ulicos O\u00b4ring M\u00e9tricos y en Pulgadas (Nitrilo, Viton y Silicona) Man\u00f3metros Inferior y Posterior Abrazaderas y Uniones Chicago Tubin y Uniones R\u00e1pidas Neum\u00e1ticas Sondas y Acoplamientos para Testeo Abrazaderas V\u00e1lvulas Uniones Camlock Correas<\/p>\n","protected":false},"author":1,"featured_media":0,"parent":0,"menu_order":0,"comment_status":"closed","ping_status":"closed","template":"","meta":{"_monsterinsights_skip_tracking":false,"_monsterinsights_sitenote_active":false,"_monsterinsights_sitenote_note":"","_monsterinsights_sitenote_category":0},"_links":{"self":[{"href":"http:\/\/shop.prohind.cl\/index.php\/wp-json\/wp\/v2\/pages\/281"}],"collection":[{"href":"http:\/\/shop.prohind.cl\/index.php\/wp-json\/wp\/v2\/pages"}],"about":[{"href":"http:\/\/shop.prohind.cl\/index.php\/wp-json\/wp\/v2\/types\/page"}],"author":[{"embeddable":true,"href":"http:\/\/shop.prohind.cl\/index.php\/wp-json\/wp\/v2\/users\/1"}],"replies":[{"embeddable":true,"href":"http:\/\/shop.prohind.cl\/index.php\/wp-json\/wp\/v2\/comments?post=281"}],"version-history":[{"count":50,"href":"http:\/\/shop.prohind.cl\/index.php\/wp-json\/wp\/v2\/pages\/281\/revisions"}],"predecessor-version":[{"id":633,"href":"http:\/\/shop.prohind.cl\/index.php\/wp-json\/wp\/v2\/pages\/281\/revisions\/633"}],"wp:attachment":[{"href":"http:\/\/shop.prohind.cl\/index.php\/wp-json\/wp\/v2\/media?parent=281"}],"curies":[{"name":"wp","href":"https:\/\/api.w.org\/{rel}","templated":true}]}}