{"id":542,"date":"2019-10-09T10:22:09","date_gmt":"2019-10-09T13:22:09","guid":{"rendered":"http:\/\/3w.prohind.cl\/?page_id=542"},"modified":"2019-10-09T14:44:47","modified_gmt":"2019-10-09T17:44:47","slug":"servicio-integral-de-reparacion-de-equipos-y-maquinaria","status":"publish","type":"page","link":"http:\/\/shop.prohind.cl\/index.php\/servicio-integral-de-reparacion-de-equipos-y-maquinaria\/","title":{"rendered":"Servicio Integral de Reparaci\u00f3n de Equipos y Maquinaria"},"content":{"rendered":"\n<div class=\"wp-block-image\"><figure class=\"aligncenter\"><img loading=\"lazy\" width=\"515\" height=\"157\" src=\"http:\/\/shop.prohind.cl\/wp-content\/uploads\/2019\/10\/Logo-IVH.jpg\" alt=\"\" class=\"wp-image-361\" srcset=\"http:\/\/shop.prohind.cl\/wp-content\/uploads\/2019\/10\/Logo-IVH.jpg 515w, http:\/\/shop.prohind.cl\/wp-content\/uploads\/2019\/10\/Logo-IVH-300x91.jpg 300w\" sizes=\"(max-width: 515px) 100vw, 515px\" \/><figcaption> <strong>Mediante nuestra Maestranza IVH, ofrecemos todo tipo de servicios especializados, tanto Oleohidr\u00e1ulicos como Industriales, otorgando un servicio de excelencia a nuestros clientes, quienes durante a\u00f1os nos han preferido.<\/strong> <br><br><br><\/figcaption><\/figure><\/div>\n\n\n\n<div class=\"wp-block-media-text alignwide has-media-on-the-right\" style=\"background-color:#2469a2;grid-template-columns:auto 36%\"><figure class=\"wp-block-media-text__media\"><img loading=\"lazy\" width=\"945\" height=\"1024\" src=\"http:\/\/shop.prohind.cl\/wp-content\/uploads\/2019\/10\/antes-despu\u00e9s-945x1024.png\" alt=\"\" class=\"wp-image-545\" srcset=\"http:\/\/shop.prohind.cl\/wp-content\/uploads\/2019\/10\/antes-despu\u00e9s-945x1024.png 945w, http:\/\/shop.prohind.cl\/wp-content\/uploads\/2019\/10\/antes-despu\u00e9s-277x300.png 277w, http:\/\/shop.prohind.cl\/wp-content\/uploads\/2019\/10\/antes-despu\u00e9s-768x832.png 768w, http:\/\/shop.prohind.cl\/wp-content\/uploads\/2019\/10\/antes-despu\u00e9s.png 1200w\" sizes=\"(max-width: 945px) 100vw, 945px\" \/><\/figure><div class=\"wp-block-media-text__content\">\n<p style=\"color:#ffffff;text-align:center\" class=\"has-text-color has-medium-font-size\"><strong>Ofrecemos el servicio integral de Reparaci\u00f3n, desabolladura, pintura, y revestimiento, para tus equipos y maquinaria.<\/strong><br><br> <strong><em>Conf\u00eda, nosotros hacemos el resto.<\/em><\/strong> <\/p>\n\n\n\n<p style=\"color:#ffffff;text-align:right\" class=\"has-text-color has-small-font-size\"><br><br><br><em>Foto:<\/em><strong> <\/strong><em>Servicio de Reparaci\u00f3n, desabolladura, pintura y revestimiento de <\/em><br><em>Generador Caterpillar C15.5<\/em><\/p>\n<\/div><\/div>\n","protected":false},"excerpt":{"rendered":"<p>Ofrecemos el servicio integral de Reparaci\u00f3n, desabolladura, pintura, y revestimiento, para tus equipos y maquinaria. Conf\u00eda, nosotros hacemos el resto. Foto: Servicio de Reparaci\u00f3n, desabolladura, pintura y revestimiento de Generador Caterpillar C15.5<\/p>\n","protected":false},"author":1,"featured_media":0,"parent":0,"menu_order":0,"comment_status":"closed","ping_status":"closed","template":"","meta":{"_monsterinsights_skip_tracking":false,"_monsterinsights_sitenote_active":false,"_monsterinsights_sitenote_note":"","_monsterinsights_sitenote_category":0},"_links":{"self":[{"href":"http:\/\/shop.prohind.cl\/index.php\/wp-json\/wp\/v2\/pages\/542"}],"collection":[{"href":"http:\/\/shop.prohind.cl\/index.php\/wp-json\/wp\/v2\/pages"}],"about":[{"href":"http:\/\/shop.prohind.cl\/index.php\/wp-json\/wp\/v2\/types\/page"}],"author":[{"embeddable":true,"href":"http:\/\/shop.prohind.cl\/index.php\/wp-json\/wp\/v2\/users\/1"}],"replies":[{"embeddable":true,"href":"http:\/\/shop.prohind.cl\/index.php\/wp-json\/wp\/v2\/comments?post=542"}],"version-history":[{"count":14,"href":"http:\/\/shop.prohind.cl\/index.php\/wp-json\/wp\/v2\/pages\/542\/revisions"}],"predecessor-version":[{"id":592,"href":"http:\/\/shop.prohind.cl\/index.php\/wp-json\/wp\/v2\/pages\/542\/revisions\/592"}],"wp:attachment":[{"href":"http:\/\/shop.prohind.cl\/index.php\/wp-json\/wp\/v2\/media?parent=542"}],"curies":[{"name":"wp","href":"https:\/\/api.w.org\/{rel}","templated":true}]}}