{"id":776,"date":"2019-10-14T13:53:03","date_gmt":"2019-10-14T16:53:03","guid":{"rendered":"http:\/\/3w.prohind.cl\/?page_id=776"},"modified":"2019-10-14T13:53:03","modified_gmt":"2019-10-14T16:53:03","slug":"valvulas","status":"publish","type":"page","link":"http:\/\/shop.prohind.cl\/index.php\/valvulas\/","title":{"rendered":"V\u00e1lvulas"},"content":{"rendered":"\n<div class=\"wp-block-image\"><figure class=\"aligncenter is-resized\"><img loading=\"lazy\" src=\"http:\/\/shop.prohind.cl\/wp-content\/uploads\/2019\/10\/COVALCA-2-e1571063404365-1024x275.png\" alt=\"\" class=\"wp-image-668\" width=\"512\" height=\"138\" srcset=\"http:\/\/shop.prohind.cl\/wp-content\/uploads\/2019\/10\/COVALCA-2-e1571063404365-1024x275.png 1024w, http:\/\/shop.prohind.cl\/wp-content\/uploads\/2019\/10\/COVALCA-2-e1571063404365-300x81.png 300w, http:\/\/shop.prohind.cl\/wp-content\/uploads\/2019\/10\/COVALCA-2-e1571063404365-768x206.png 768w, http:\/\/shop.prohind.cl\/wp-content\/uploads\/2019\/10\/COVALCA-2-e1571063404365.png 1128w\" sizes=\"(max-width: 512px) 100vw, 512px\" \/><figcaption> <br><strong>Somos los distribuidores oficiales de la marca\u00a0<em>COVALCA<\/em>\u00a0dentro de la regi\u00f3n del Biob\u00edo.<\/strong><br><br><strong>Esta marca cuenta\u00a0con una amplia experiencia como fabricantes y distribuidores de conexiones de flu\u00eddos. Gracias a su\u00a0Calidad y Variedad de productos, se\u00a0ha\u00a0posicionado a nivel latinoamericano como uno de los principales proveedores para los diversos tipos de industrias.<\/strong> <br><br><br><\/figcaption><\/figure><\/div>\n\n\n\n<div class=\"wp-block-media-text alignwide has-media-on-the-right\" style=\"background-color:#2469a2;grid-template-columns:auto 31%\"><figure class=\"wp-block-media-text__media\"><img loading=\"lazy\" width=\"400\" height=\"250\" src=\"http:\/\/shop.prohind.cl\/wp-content\/uploads\/2019\/10\/valvulas-industriales-1.jpg\" alt=\"\" class=\"wp-image-777\" srcset=\"http:\/\/shop.prohind.cl\/wp-content\/uploads\/2019\/10\/valvulas-industriales-1.jpg 400w, http:\/\/shop.prohind.cl\/wp-content\/uploads\/2019\/10\/valvulas-industriales-1-300x188.jpg 300w\" sizes=\"(max-width: 400px) 100vw, 400px\" \/><\/figure><div class=\"wp-block-media-text__content\">\n<p style=\"color:#ffffff\" class=\"has-text-color has-medium-font-size\">Aparato mec\u00e1nico con el cual se puede iniciar, detener o regular la circulaci\u00f3n de l\u00edquidos o gases mediante una pieza movible que abre, cierra u obstruye en forma parcial uno o m\u00e1s orificios o conductos. <\/p>\n<\/div><\/div>\n\n\n\n<p><\/p>\n","protected":false},"excerpt":{"rendered":"<p>Aparato mec\u00e1nico con el cual se puede iniciar, detener o regular la circulaci\u00f3n de l\u00edquidos o gases mediante una pieza movible que abre, cierra u obstruye en forma parcial uno o m\u00e1s orificios o conductos.<\/p>\n","protected":false},"author":1,"featured_media":0,"parent":0,"menu_order":0,"comment_status":"closed","ping_status":"closed","template":"","meta":{"_monsterinsights_skip_tracking":false,"_monsterinsights_sitenote_active":false,"_monsterinsights_sitenote_note":"","_monsterinsights_sitenote_category":0},"_links":{"self":[{"href":"http:\/\/shop.prohind.cl\/index.php\/wp-json\/wp\/v2\/pages\/776"}],"collection":[{"href":"http:\/\/shop.prohind.cl\/index.php\/wp-json\/wp\/v2\/pages"}],"about":[{"href":"http:\/\/shop.prohind.cl\/index.php\/wp-json\/wp\/v2\/types\/page"}],"author":[{"embeddable":true,"href":"http:\/\/shop.prohind.cl\/index.php\/wp-json\/wp\/v2\/users\/1"}],"replies":[{"embeddable":true,"href":"http:\/\/shop.prohind.cl\/index.php\/wp-json\/wp\/v2\/comments?post=776"}],"version-history":[{"count":2,"href":"http:\/\/shop.prohind.cl\/index.php\/wp-json\/wp\/v2\/pages\/776\/revisions"}],"predecessor-version":[{"id":779,"href":"http:\/\/shop.prohind.cl\/index.php\/wp-json\/wp\/v2\/pages\/776\/revisions\/779"}],"wp:attachment":[{"href":"http:\/\/shop.prohind.cl\/index.php\/wp-json\/wp\/v2\/media?parent=776"}],"curies":[{"name":"wp","href":"https:\/\/api.w.org\/{rel}","templated":true}]}}